t is the remainder when 436 is divided by 40?
36
Calculate the remainder when 98 is divided by 84.
14
Calculate the remainder when 381 is divided by 96.
93
What is the remainder when 3313 is divided by 1092?
37
Calculate the remainder when 20 is divided by 9.
2
What is the remainder when 4275 is divided by 46?
43
What is the remainder when 527 is divided by 50?
27
What is the remainder when 52 is divided by 27?
25
What is the remainder when 229 is divided by 60?
49
Calculate the remainder when 140 is divided by 48.
44
What is the remainder when 670 is divided by 14?
12
What is the remainder when 78 is divided by 44?
34
What is the remainder when 248 is divided by 17?
10
What is the remainder when 350 is divided by 99?
53
What is the remainder when 143 is divided by 74?
69
What is the remainder when 5742 is divided by 1432?
14
Calculate the remainder when 200 is divided by 34.
30
What is the remainder when 395 is divided by 38?
15
Calculate the remainder when 7410 is divided by 21.
18
Calculate the remainder when 53 is divided by 44.
9
What is the remainder when 346 is divided by 91?
73
Calculate the remainder when 369 is divided by 94.
87
What is the remainder when 248 is divided by 101?
46
What is the remainder when 690 is divided by 11?
8
Calculate the remainder when 624 is divided by 20.
4
Calculate the remainder when 1058 is divided by 339.
41
Calculate the remainder when 681 is divided by 137.
133
Calculate the remainder when 8 is divided by 2.
0
What is the remainder when 117 is divided by 61?
56
Calculate the remainder when 1130 is divided by 87.
86
What is the remainder when 246 is divided by 239?
7
What is the remainder when 27 is divided by 23?
4
Calculate the remainder when 83 is divided by 32.
19
Calculate the remainder when 237 is divided by 67.
36
What is the remainder when 275 is divided by 23?
22
Calculate the remainder when 183 is divided by 62.
59
Calculate the remainder when 188 is divided by 40.
28
What is the remainder when 95 is divided by 11?
7
What is the remainder when 382 is divided by 131?
120
What is the remainder when 180 is divided by 95?
85
Calculate the remainder when 686 is divided by 6.
2
What is the remainder when 1147 is divided by 558?
31
Calculate the remainder when 190 is divided by 32.
30
Calculate the remainder when 125 is divided by 48.
29
What is the remainder when 473 is divided by 149?
26
Calculate the remainder when 543 is divided by 112.
95
Calculate the remainder when 270 is divided by 16.
14
What is the remainder when 221 is divided by 76?
69
Calculate the remainder when 1049 is divided by 64.
25
What is the remainder when 3382 is divided by 24?
22
Calculate the remainder when 415 is divided by 38.
35
What is the remainder when 3056 is divided by 30?
26
What is the remainder when 175 is divided by 26?
19
What is the remainder when 79 is divided by 44?
35
Calculate the remainder when 421 is divided by 35.
1
What is the remainder when 31 is divided by 9?
4
What is the remainder when 169 is divided by 46?
31
What is the remainder when 398 is divided by 100?
98
What is the remainder when 108 is divided by 60?
48
Calculate the remainder when 544 is divided by 39.
37
Calculate the remainder when 838 is divided by 133.
40
Calculate the remainder when 67 is divided by 55.
12
What is the remainder when 39024 is divided by 175?
174
Calculate the remainder when 1171 is divided by 389.
4
Calculate the remainder when 198 is divided by 24.
6
Calculate the remainder when 2601 is divided by 64.
41
Calculate the remainder when 365 is divided by 11.
2
What is the remainder when 21 is divided by 15?
6
Calculate the remainder when 86 is divided by 52.
34
What is the remainder when 625 is divided by 3?
1
What is the remainder when 131 is divided by 8?
3
Calculate the remainder when 257 is divided by 26.
23
Calculate the remainder when 15496 is divided by 126.
124
Calculate the remainder when 286 is divided by 7.
6
Calculate the remainder when 431 is divided by 95.
51
Calculate the remainder when 1627 is divided by 74.
73
Calculate the remainder when 57 is divided by 51.
6
Calculate the remainder when 510 is divided by 73.
72
Calculate the remainder when 131 is divided by 19.
17
Calculate the remainder when 147 is divided by 17.
11
What is the remainder when 110 is divided by 25?
10
Calculate the remainder when 216 is divided by 44.
40
Calculate the remainder when 541 is divided by 266.
9
Calculate the remainder when 250 is divided by 51.
46
Calculate the remainder when 726 is divided by 42.
12
What is the remainder when 2207 is divided by 83?
49
Calculate the remainder when 1752 is divided by 18.
6
What is the remainder when 2642 is divided by 18?
14
What is the remainder when 222 is divided by 222?
0
What is the remainder when 1006 is divided by 101?
97
Calculate the remainder when 774 is divided by 196.
186
Calculate the remainder when 1974 is divided by 984.
6
Calculate the remainder when 325 is divided by 156.
13
What is the remainder when 845 is divided by 47?
46
Calculate the remainder when 564 is divided by 144.
132
Calculate the remainder when 22998 is divided by 184.
182
Calculate the remainder when 36 is divided by 13.
10
What is the remainder when 287 is divided by 48?
47
What is the remainder when 1700 is divided by 78?
62
Calculate the remainder when 151 is divided by 47.
10
Calculate the remainder when 44 is divided by 9.
8
Calculate the remainder when 1050 is divided by 44.
38
What is the remainder when 669 is divided by 219?
12
Calculate the remainder when 4814 is divided by 253.
7
Calculate the remainder when 53 is divided by 20.
13
Calculate the remainder when 646 is divided by 9.
7
What is the remainder when 620 is divided by 16?
12
Calculate the remainder when 209 is divided by 4.
1
Calculate the remainder when 1781 is divided by 17.
13
Calculate the remainder when 61 is divided by 30.
1
Calculate the remainder when 12188 is divided by 2437.
3
What is the remainder when 123 is divided by 49?
25
What is the remainder when 970 is divided by 449?
72
Calculate the remainder when 75 is divided by 58.
17
What is the remainder when 133 is divided by 36?
25
Calculate the remainder when 443 is divided by 58.
37
What is the remainder when 257 is divided by 49?
12
What is the remainder when 587 is divided by 3?
2
What is the remainder when 1244 is divided by 46?
2
Calculate the remainder when 32 is divided by 11.
10
What is the remainder when 2737 is divided by 20?
17
What is the remainder when 73 is divided by 37?
36
What is the remainder when 407 is divided by 153?
101
What is the remainder when 9545 is divided by 86?
85
Calculate the remainder when 5535 is divided by 173.
172
Calculate the remainder when 6146 is divided by 878.
0
Calculate the remainder when 867 is divided by 25.
17
What is the remainder when 684 is divided by 97?
5
What is the remainder when 1513 is divided by 40?
33
Calculate the remainder when 503 is divided by 172.
159
Calculate the remainder when 3430 is divided by 83.
27
Calculate the remainder when 1812 is divided by 55.
52
Calculate the remainder when 275 is divided by 43.
17
What is the remainder when 1386 is divided by 446?
48
What is the remainder when 1437 is divided by 72?
69
Calculate the remainder when 620 is divided by 188.
56
What is the remainder when 60 is divided by 21?
18
Calculate the remainder when 628 is divided by 178.
94
What is the remainder when 5099 is divided by 12?
11
Calculate the remainder when 391 is divided by 384.
7
What is the remainder when 47 is divided by 17?
13
Calculate the remainder when 277 is divided by 85.
22
Calculate the remainder when 611 is divided by 155.
146
Calculate the remainder when 6311 is divided by 12.
11
Calculate the remainder when 90 is divided by 84.
6
What is the remainder when 147 is divided by 6?
3
Calculate the remainder when 24482 is divided by 83.
80
What is the remainder when 2127 is divided by 56?
55
Calculate the remainder when 215 is divided by 88.
39
Calculate the remainder when 2513 is divided by 147.
14
What is the remainder when 2165 is divided by 217?
212
What is the remainder when 399 is divided by 16?
15
Calculate the remainder when 635 is divided by 32.
27
What is the remainder when 67 is divided by 1?
